{"id":75,"date":"2020-10-25T15:07:11","date_gmt":"2020-10-25T15:07:11","guid":{"rendered":"https:\/\/kat6a.es\/?page_id=75"},"modified":"2026-02-03T17:17:43","modified_gmt":"2026-02-03T17:17:43","slug":"proyecto","status":"publish","type":"page","link":"https:\/\/kat6a.es\/?page_id=75","title":{"rendered":"Proyecto"},"content":{"rendered":"\n\n\n<!-- MEN\u00da SUPERIOR -->\n<style>\n    \/* Contenedor del men\u00fa *\/\n    .top-menu {\n        width: 100%;\n        background-color: #7EACA6; \/* tono similar al fondo de tu web *\/\n        padding: 15px 0;\n        display: flex;\n        justify-content: center;\n        gap: 40px;\n        font-family: Arial, sans-serif;\n        border-bottom: 2px solid #e7f2ef;\n    }\n\n    \/* Enlaces *\/\n    .top-menu a {\n        color: #002244 !important;\n        text-decoration: none;\n        font-size: 18px;\n        font-weight: 600;\n        transition: 0.3s ease;\n        letter-spacing: 0.5px;\n    }\n\n    \/* Hover *\/\n    .top-menu a:hover {\n        color: #0f2aa0ff; \/* contraste suave *\/\n        text-decoration: underline;\n    }\n\n    \/* Versi\u00f3n m\u00f3vil *\/\n    @media (max-width: 700px) {\n        .top-menu {\n            flex-direction: column;\n            gap: 20px;\n        }\n    }\n<\/style>\n\n<nav class=\"top-menu\">\n    <a href=\"\/\">Inicio<\/a>\n    <a href=\"\/?page_id=7\">About<\/a>\n    <a href=\"\/?page_id=11\">Blog<\/a>\n    <a href=\"\/?page_id=164\">Colabora<\/a>\n    <a href=\"?page_id=75\">Proyecto<\/a>\n    <a href=\"\/?page_id=408\">Alta Socio<\/a>\n<\/nav>\n\n\n\n\n\n\n\n\n\n\n\n\n\nNuestro proyecto\n\n\n\n\n\n<p><font color=\"#000000\" face=\"-apple-system, BlinkMacSystemFont, Segoe UI, Roboto, Helvetica Neue, Arial, Noto Sans, sans-serif, Apple Color Emoji, Segoe UI Emoji, Segoe UI Symbol, Noto Color Emoji\">Actualmente tenemos firmado un convenio de colaboraci\u00f3n con el equipo cient\u00edfico del profesor de la Universidad Pablo de Olavide Jos\u00e9 Antonio S\u00e1nchez Alc\u00e1zar, referente internacional en el estudio de las enfermedades raras, que desarrolla su trabajo en el Centro Andaluz de Biolog\u00eda del Desarrollo, centro mixto del CSIC, UPO y Junta de Andaluc\u00eda.<\/font><\/p><font color=\"#000000\" face=\"-apple-system, BlinkMacSystemFont, Segoe UI, Roboto, Helvetica Neue, Arial, Noto Sans, sans-serif, Apple Color Emoji, Segoe UI Emoji, Segoe UI Symbol, Noto Color Emoji\"><\/font>\n\n<p><\/p>\n\n\n\n\n\n\n\n\n\n<p><span style=\"color: rgb(0, 0, 0); font-family: -apple-system, BlinkMacSystemFont, &quot;Segoe UI&quot;, Roboto, &quot;Helvetica Neue&quot;, Arial, &quot;Noto Sans&quot;, sans-serif, &quot;Apple Color Emoji&quot;, &quot;Segoe UI Emoji&quot;, &quot;Segoe UI Symbol&quot;, &quot;Noto Color Emoji&quot;;\">El estudio se enmarca en el Proyecto MITOCURE, centrado en las enfermedades mitocondriales, ya que, como explica el profesor S\u00e1nchez Alc\u00e1zar, \u201chip\u00f3tesis recientes se\u00f1alan que las mutaciones en el gen KAT6A afectan de forma secundaria a la funci\u00f3n mitocondrial y que f\u00e1rmacos que act\u00faan a nivel mitocondrial (como la carnitina y la vitamina B5) son capaces de revertir los fenotipos cl\u00ednicos de la enfermedad, es decir, sus s\u00edntomas o consecuencias cl\u00ednicas relevantes\u201d.<\/span><br><\/p><font color=\"#000000\" face=\"-apple-system, BlinkMacSystemFont, Segoe UI, Roboto, Helvetica Neue, Arial, Noto Sans, sans-serif, Apple Color Emoji, Segoe UI Emoji, Segoe UI Symbol, Noto Color Emoji\"><br>\n<div><\/div>\n<div>\n<div>Para el estudio de terapias personalizada, en este proyecto, el equipo cient\u00edfico evaluar\u00e1 la efectividad terap\u00e9utica de los distintos tratamientos que act\u00faan a nivel mitocondrial en los fibroblastos derivados de los pacientes y en c\u00e9lulas neuronales generadas por reprogramaci\u00f3n directa. De esta manera, experimentan los efectos de los diferentes f\u00e1rmacos y dosis in vitro sobre los tejidos de los propios pacientes, para as\u00ed poder observar los resultados de forma individualizada.<\/div><div><br><\/div>\n<\/div>\n<div><\/div>\n<div>\n<div>Las familias tenemos muchas esperanzas en este estudio, lo consideramos una verdadera oportunidad de ayudar a las personas afectadas KAT6A a mejorar su nivel de autonom\u00eda y calidad de vida.<\/div><div><br><\/div>\n<\/div>\n<div><\/div>\n<div>Este estudio sobre terapias personalizadas tiene un coste de 21.000\u20ac semestrales durante los pr\u00f3ximos 3 a\u00f1os.<\/div><div><br><\/div><div><a href=\"https:\/\/www.lavanguardia.com\/local\/sevilla\/20200602\/481576302935\/asociaciones-kat6a-y-super-autenticos-financian-una-linea-de-investigacion-en-la-upo-para-tratar-ese-sindrome.html\" target=\"_blank\" rel=\"noopener noreferrer\">Convenio de investigaci\u00f3n Universidad de Sevilla Pablo de Olavide<\/a><br><\/div><div><br><\/div><div><a href=\"https:\/\/www.europapress.es\/andalucia\/sevilla-00357\/noticia-asociaciones-kat6a-super-autenticos-financian-linea-investigacion-upo-tratar-sindrome-20200602155355.html\" target=\"_blank\" rel=\"noopener noreferrer\">Financiaci\u00f3n investigaci\u00f3n KAT6A<\/a><br><\/div>\n<\/font><font color=\"#000000\" face=\"-apple-system, BlinkMacSystemFont, Segoe UI, Roboto, Helvetica Neue, Arial, Noto Sans, sans-serif, Apple Color Emoji, Segoe UI Emoji, Segoe UI Symbol, Noto Color Emoji\"><\/font>\n\n<p><\/p>\n<p><\/p>\n<p><\/p>\n\n\n\n\n","protected":false},"excerpt":{"rendered":"","protected":false},"author":1,"featured_media":0,"parent":0,"menu_order":0,"comment_status":"closed","ping_status":"closed","template":"","meta":{"pagelayer_contact_templates":[],"_pagelayer_content":"","footnotes":""},"class_list":["post-75","page","type-page","status-publish","hentry"],"_links":{"self":[{"href":"https:\/\/kat6a.es\/index.php?rest_route=\/wp\/v2\/pages\/75","targetHints":{"allow":["GET"]}}],"collection":[{"href":"https:\/\/kat6a.es\/index.php?rest_route=\/wp\/v2\/pages"}],"about":[{"href":"https:\/\/kat6a.es\/index.php?rest_route=\/wp\/v2\/types\/page"}],"author":[{"embeddable":true,"href":"https:\/\/kat6a.es\/index.php?rest_route=\/wp\/v2\/users\/1"}],"replies":[{"embeddable":true,"href":"https:\/\/kat6a.es\/index.php?rest_route=%2Fwp%2Fv2%2Fcomments&post=75"}],"version-history":[{"count":32,"href":"https:\/\/kat6a.es\/index.php?rest_route=\/wp\/v2\/pages\/75\/revisions"}],"predecessor-version":[{"id":470,"href":"https:\/\/kat6a.es\/index.php?rest_route=\/wp\/v2\/pages\/75\/revisions\/470"}],"wp:attachment":[{"href":"https:\/\/kat6a.es\/index.php?rest_route=%2Fwp%2Fv2%2Fmedia&parent=75"}],"curies":[{"name":"wp","href":"https:\/\/api.w.org\/{rel}","templated":true}]}}